0)/p + 860/18?
4
Suppose -w - 27 = 8. What is the tens digit of 10/w + 2/(42/405)?
1
Suppose -4*t = 4*p - p - 290, 0 = -5*p - 3*t + 465. Suppose 0 = 3*b + 3, 2*n - 5*b - p = n. What is the tens digit of -1 + -2 - n/(-5)?
1
Let p(w) be the first derivative of -1/2*w**2 + 6 + 1/3*w**3 + 2*w. What is the tens digit of p(6)?
3
Let d be 96426/270 - 2/15. Suppose 4*o = -l + 286, -5*o + 4*l + d = 5*l. What is the units digit of o?
1
Let l(s) = s**3 - 8*s**2 + 8*s + 1. Let p be l(7). Let n be 3/(12/p) - -3. Suppose -o + n + 0 = 0. What is the units digit of o?
5
Let n(a) = -a - 9. Let x be n(-8). What is the tens digit of (-2 - x - 32)*(-6)/9?
2
Suppose 0 = -3*s + 4*b + 3978, -4*s + 3*b + 4675 = -629. What is the tens digit of s?
2
Suppose 4*b - 2*s = -3*s + 296, 5*b = 4*s + 370. Suppose 0*g = -g + b. Let h = -21 + g. What is the tens digit of h?
5
Suppose 2829 + 4451 = 28*h. What is the tens digit of h?
6
Let b be -3 + ((-8)/(-2) - -8). What is the units digit of b/18*(-68)/(-2)?
7
Let l = 31 - -8. Suppose 0 = q + 3*q + 3*c - 47, 3*q + 3*c = l. Suppose -q = 3*b + b, -u + 2*b = -8. What is the units digit of u?
4
Let j be (-2)/(0 + (4 - 2 - 4)). Let l(a) = -a**2 - 4*a - 5. Let k be l(-4). What is the tens digit of j*13 + (k - -2)?
1
Let j be ((-10)/15)/((-2)/21). Let r = j - 5. What is the units digit of r?
2
Suppose 3*h = 4*l + 7*h + 4, -4*h - 11 = -3*l. What is the hundreds digit of 1203/6 - ((-6)/4 + l)?
2
Let b = 1726 - 1223. What is the units digit of b?
3
Suppose -2*q + 3563 = 233. Suppose 0 = -17*w + 8*w + q. What is the units digit of w?
5
Let z be 207 - ((6 - 1) + (-9)/3). Let g = 295 - z. What is the tens digit of g?
9
Let a = 264 + -144. Suppose 0*u = -5*u + a. Suppose -3*m - 28 = -v + u, 4*m = 2*v - 108. What is the units digit of v?
8
Let x(b) = 16*b + 4. Let v(c) = 2 + 2*c - 4 + 4*c**2 - 4*c**3 + 5*c**3. Let h be v(-2). What is the units digit of x(h)?
6
Suppose 3602 = 5*n - 3*c, -n + 2*c = 3*n - 2882. What is the hundreds digit of n?
7
Suppose 5*a + 9504 = 23*a. Suppose -78*m = -86*m + a. What is the units digit of m?
6
Let x be (-1 + -14)*8/(-10). What is the units digit of (-1)/(-1) - (-36)/x?
4
Let v be (1/3)/((-1)/(-9)). Let z(c) = 5*c + 20. Let k be z(0). Let t = v + k. What is the tens digit of t?
2
Let t(h) be the first derivative of -5*h**2/2 + 23*h - 7. What is the tens digit of t(-10)?
7
What is the tens digit of (17 - 32)*321/(-9)?
3
Let v = 15 + -18. Let f(a) = -7*a - 2*a**2 - 2 + a**2 + 0*a**2. What is the units digit of f(v)?
0
Let u be (-1 + 0)*(4 - 1). Let i(w) = -w**2 - w + 9. Let h(y) = -2*y**2 - 3*y + 28. Let c(n) = 2*h(n) - 7*i(n). What is the tens digit of c(u)?
1
What is the tens digit of -1536*(36/6)/(-12)?
6
Suppose -11 - 4 = -5*z. Suppose z*y = -0*y + 12. Suppose 0 = 3*t - 5*s - 134, 0 = -y*t + 2*s - 0*s + 160. What is the units digit of t?
8
What is the units digit of (-8)/(-44) - 143190/(-165)?
8
Suppose -5*b = 4*q - 1477, b = 1 + 4. Suppose 2*h - q = -h. Let v = h + -71. What is the tens digit of v?
5
Let s(r) = r**2 + 7*r + 7. Let b be s(-6). Let z be (2/(-1))/b + 29. Suppose 0*d - 3*d + z = 0. What is the units digit of d?
9
Suppose -143*z + 160*z = 54417. What is the hundreds digit of z?
2
Let y(l) = 59*l**2 - 7*l + 46. What is the thousands digit of y(5)?
1
Suppose 3*q + 3*o = o - 11, 0 = -2*q + o - 5. What is the tens digit of -1 - (-1 + q + -41)?
4
Let u = 969 + -616. What is the units digit of u?
3
Suppose 3*n + 3 = 0, 3*m + n - 31 = 10. Let p(u) = 2*u**2 - 18*u - 2. What is the units digit of p(m)?
8
Let s(a) = -a**2 + 18*a - 54. Let l be s(14). Let u(z) = 32*z + 3. What is the units digit of u(l)?
7
Let y(q) be the third derivative of -q**4/2 - 4*q**3/3 + 2*q**2. Let a be y(-4). Suppose u - a = -3*u. What is the tens digit of u?
1
Suppose 0 = 3*n - 3*o + 6, 0 = 5*o - 29 + 9. Suppose n*h + 75 = h. Let w = 124 + h. What is the tens digit of w?
4
Suppose 8*g - 12*g + 8 = 0. Suppose 7*r - g*r - 4*a - 119 = 0, 5*r - 155 = -5*a. What is the units digit of r?
7
Suppose 4*v + 16 = -2*x + 6*x, 16 = 4*x - 2*v. Suppose -5*o - 3*t + 277 = -18, -290 = -5*o - x*t. What is the tens digit of o?
6
Let s(l) = -8*l - 7. Let o be s(-3). Let v = -14 + o. Suppose 0 = 2*x - 4*i - 26, -2*i - 17 = -v*x + 38. What is the units digit of x?
1
Suppose 324*n + 2940 = 359*n. What is the units digit of n?
4
Suppose -379*y + 2577 = -376*y. What is the tens digit of y?
5
Let a = -66 - -76. Let c(j) = j**2 + 2*j + 5. What is the tens digit of c(a)?
2
Let i(m) = m**2 + 6*m - 1. Let v = -8 - -2. Let h be i(v). What is the tens digit of -2 + h + 35/1?
3
What is the tens digit of (-216)/54*(-1774)/4?
7
Suppose 4*c - 5*s = -10*s + 1511, 0 = 3*s + 3. Let r = -201 + c. What is the hundreds digit of r?
1
Let d be (1 - 0)/(18/(-144)). Let q(n) = -n**3 - 8*n**2 - 2*n - 10. Let j be q(d). Suppose -j*z = -0*z - 102. What is the tens digit of z?
1
Suppose -7*g + 2620 - 289 = 0. What is the tens digit of g?
3
Suppose -3*p = -2*p + 1, -3*i = 4*p - 50. Suppose -5*m - 3 = -i. Suppose m*l = -41 + 110. What is the units digit of l?
3
Let k be (2/5)/((-366)/(-60) - 6). What is the units digit of 11 + (2/(k/(-6)) - -2)?
0
Let c(u) be the first derivative of -9*u**2/2 - 5*u - 10. What is the tens digit of c(-3)?
2
Let p(t) = t**3 + 23*t**2 - 55*t - 39. What is the hundreds digit of p(-23)?
2
Suppose 2*r - 68 + 6 = 0. What is the tens digit of r?
3
Let v(t) = -5*t**2 - 12*t - 19. Let k be v(-7). What is the tens digit of (-2678)/(-18) - 40/k?
4
Let g = 29 - 25. Suppose g*h + 6*k - 1162 = k, 5*h + 2*k = 1461. Suppose 0 = -4*t - 101 + h. What is the units digit of t?
8
What is the tens digit of (3602/3)/((-1)/(1 + -4))?
0
Suppose -8*u - 2656 = -12*u. What is the hundreds digit of u?
6
Let a be 9 + 4*(-5 - -4). Suppose -a*v = 118 - 28. What is the units digit of 16 + (-2 - v)/(-4)?
2
Let p be (2 - 4)*5/(-2). Suppose -4*a - o + 314 = 0, -a - p*o = a - 148. What is the units digit of a?
9
Suppose -4 = 3*y - 5*r - 36, 5*y - 3*r - 48 = 0. Let t(d) be the third derivative of d**4/8 + 2*d**3/3 - 2*d**2. What is the units digit of t(y)?
1
Let b = 11 - 0. Suppose -b*u - 276 = -13*u. What is the tens digit of u?
3
Suppose 7*c - 8*c + 2208 = 0. Suppose 10*k + 2*k = c. What is the hundreds digit of k?
1
Suppose -3*o = -15, -2*i - 2*o = -i - 32. Let l be 15 - 18 - 2*i. What is the units digit of -1 + 1 - (l - -3)?
4
Let m = 21 - 11. Suppose 4*r = 110 + m. What is the tens digit of r?
3
Let h = 45 + -43. Suppose i - h*i + 86 = 0. What is the tens digit of i?
8
Suppose -10*v + 13*v = 555. Let u = v - 110. Suppose -2*k + 2 = 0, 0 = 3*q - 4*k - 41 - u. What is the units digit of q?
0
Suppose -15 = -3*u, 4*w - 2*w = -3*u + 399. Let q = w - 127. What is the tens digit of q?
6
What is the tens digit of 6/8 - 187601/(-116)?
1
Let d(g) = g**3 + 4*g**2 - 7*g + 17. What is the units digit of d(3)?
9
Let c(q) be the second derivative of -5*q**3/6 + 15*q**2/2 - 10*q. What is the tens digit of c(-9)?
6
What is the units digit of 2*55/(-22) - 601*-2?
7
Let j = 5 - 9. Let w(d) = -d**3 - 7*d**2 - 9*d - 1. Let c be w(j). Let i = c + 31. What is the units digit of i?
8
Suppose 2*f - f - 15 = 0. Suppose 2*a + f = 5*a. Suppose 0 = -a*l - 0*l + 5. What is the units digit of l?
1
Let o(v) = -7*v - 10. Let j = 9 + -14. Let h be o(j). Suppose 0*n + n = -u + 25, 0 = -n + 2*u + h. What is the units digit of n?
5
Suppose -87 = -5*x - 42. Let y(u) = 37*u**2 + 1. Let h be y(-1). Let n = h - x. What is the tens digit of n?
2
Suppose 6*c + 42 - 966 = 0. What is the units digit of c?
4
Suppose 0 = y - x - 4, -4*y - 14 = x + x. Let m = y - -3. Let t = m + 18. What is the tens digit of t?
2
Let y(f) = f**3 + 16*f**2 + 14*f. Let p(l) = -l - 26. Let s be p(-11). Let d be y(s). Suppose 0 = -d*t + 17*t - 14. What is the units digit of t?
7
Let m(o) = o**3 - 4*o**2 + 4*o + 5. Let b be m(5). Suppose -2*y - 44 = 4*p, 4*p + 108 = -7*y + 3*y. Let d = b + y. What is the units digit of d?
8
Suppose -2*g - 114 = -8*g. Let k = -18 + g. What is the units digit of k?
1
Let u(q) be the second derivative of q**4/12 + 5*q**3/6 - 3*q**2/2 - 24*q. What is the units digit of u(-8)?
1
Suppose 71*g - 4963 = 64*g. What is the tens digit of g?
0
Let l be 2 + 1 - 1 - -54. Suppose q = 3*u + l, 1 = -2*u + 7. What is the tens dig